w?
5
Let a(o) be the second derivative of -o**5/20 - 7*o**4/12 + 3*o**3/2 - o**2 - 18*o. Let v be a(-8). What is the units digit of (-1535)/v - 1/2?
3
Suppose 4*b + 5334 = -2*m, 71*b = -5*m + 72*b - 13335. Let q = -531 - m. What is the hundreds digit of q?
1
Let r = 35 - 89. Let q = -34 - r. Let h = 109 + q. What is the units digit of h?
9
Let k = 65887 + -35741. What is the hundreds digit of k?
1
What is the units digit of (-7)/((-42)/(-63050))*-3?
5
Let y = -4129 - -6618. What is the units digit of y?
9
Suppose -12 = -32*c + 28*c. Suppose c*d - v + 3*v = 539, 0 = -3*d + 3*v + 534. What is the hundreds digit of d?
1
Let y = -250 - -247. What is the tens digit of (y*2/10)/((-173)/32005)?
1
Let z(w) = 17*w - 48. Let u be z(3). What is the hundreds digit of (-3)/(u/1022)*(-4)/8?
5
Let t be (-4)/1*7/(-14)*596. Suppose -18*s = -14*s - t. What is the units digit of s?
8
Let g(t) = -3*t**3 - t**2 - 1. Let p be g(-3). Suppose -u - 29 = 5*o - 0*o, 0 = -2*u + 3*o - p. Let m = -33 - u. What is the units digit of m?
1
Let g = 1279 - 519. What is the hundreds digit of g?
7
Let d(m) = 52*m**2 + 196*m - 4. What is the units digit of d(-16)?
2
Suppose -86*b = -80*b + 156. Let a = 39 - b. What is the units digit of a?
5
Let g(l) = -2*l**3 + 16*l**2 + 4*l - 14. Let k be g(8). Suppose k*d + 1776 = 20*d. What is the units digit of d?
8
Let w = 49998 + -5125. What is the units digit of w?
3
Suppose -70*z = -71*z + 17. Suppose -32 = -18*f + z*f. Suppose 0 = -7*a + 9*a - f. What is the tens digit of a?
1
Let i be (-10 + 63/6)*(-1 + -717). Let w = i + 766. What is the tens digit of w?
0
Let a(t) = 3*t**2 + 4*t + 15. Let d be a(-5). Let y = d + -50. Suppose 3 = c - y. What is the tens digit of c?
2
Suppose -3*i - 5*b = -22313, 64*b = -2*i + 60*b + 14878. What is the units digit of i?
1
Suppose 21*h - 8*h - 171093 = 0. What is the units digit of h?
1
Suppose 26046 = 4*x + 5598. Suppose -8*f - 4*f + x = 0. What is the units digit of f?
6
Suppose -146*q + 145*q = z - 15829, 0 = -3*z + q + 47463. What is the ten thousands digit of z?
1
Let m(y) = 131*y**2 + 7*y + 282. What is the ten thousands digit of m(16)?
3
Let v(p) = 1404*p**2 - 343*p - 1384. What is the units digit of v(-4)?
2
Suppose 0 = -2*b - 2*b + 8. Suppose -b*x - 4*z + 1488 = 0, 4*z - 2982 = -4*x + 2*z. What is the units digit of x?
6
What is the tens digit of 111 + -107 + 4/(-18) + 50062/18?
8
Let x(n) be the third derivative of n**5/60 + 5*n**4/12 + 4*n**3 - 6*n**2. Suppose 0 - 75 = 5*v. What is the tens digit of x(v)?
9
Let s = -2145 + 11569. What is the units digit of s?
4
Suppose 3*p + l = 72, -p + 3*l - 8*l + 24 = 0. Suppose -7*b - p = -b. What is the units digit of ((-284)/(-6) - b/6) + 1?
9
Suppose 3*q - 736 = -229. Let y = q + 57. What is the hundreds digit of y?
2
Let m = 363 + -359. Suppose 2*p - 3*r = 22, 5*p - 2*r = 23 + 10. Suppose 5*k = -3*b + 391, -4*k + 506 = m*b - p*k. What is the tens digit of b?
2
Let r(d) = 667 - 279 - 301 + 8*d**2 + 666 - 2*d + 2*d**3 + 814. What is the hundreds digit of r(0)?
5
Let w = 239 - 222. Let v(z) = 21*z - 99. What is the hundreds digit of v(w)?
2
Let a(m) = m. Let x be a(4). Suppose -2*j = -x*j + 10. Suppose 164 = j*n + 3*u + 20, 2*n - 66 = -4*u. What is the tens digit of n?
2
Suppose 4*i + 28 = 2*r + i, -i - 44 = -5*r. Let l be 6/4*r*2/12. Suppose 0 = -0*y + l*y - 156. What is the tens digit of y?
7
Let u be ((-24)/10)/(9/120*4). Let m(v) = -3*v**3 - 12*v**2 - 2*v + 6. Let k be m(u). Suppose 12*t = 2*t + k. What is the tens digit of t?
7
Let d(u) = 48*u**2 - 15*u - 74. Let p(a) = 32*a**2 - 10*a - 49. Suppose -13*h + 9 = -95. Let b(y) = h*p(y) - 5*d(y). What is the tens digit of b(-4)?
5
Let a = -169 + 700. Let g = a - 316. What is the units digit of g?
5
What is the tens digit of (765/(-27) + 12)*-372?
7
Suppose -3*o - 5*t = -147819, -1311*t = -5*o - 1316*t + 246385. What is the ten thousands digit of o?
4
Let g(h) = -813*h - 84. What is the thousands digit of g(-6)?
4
Let p = -1090 + 551. Let r be 4/(-22) + (-217)/77. What is the units digit of (1/2)/(p/180 - r)?
0
Let o(z) = -5*z + 20*z**3 + 22*z**3 - 43*z**3 + 4*z + 8 - 4*z**2. Let k be o(-6). Let m = 186 - k. What is the tens digit of m?
0
What is the thousands digit of (30045/2)/(10/8)?
2
What is the units digit of ((-44)/(-99)*1101/(-2))/((-14)/21)?
7
Let u(f) = -2 - 4*f - f**2 + 1 - f + 10*f**3 + 4*f. Let h(a) = 2*a**2 + 6*a + 6. Let t be h(-1). What is the tens digit of u(t)?
7
Let n(y) = 16 - 64 - 49*y - 8*y. What is the hundreds digit of n(-7)?
3
Suppose -z - j + 3*j = -720, -4*j - 3612 = -5*z. Let h = z + -253. What is the units digit of h?
1
Let g(s) = s + 5. Let d be g(3). Suppose -5*q - d*v = -3*v + 5, 12 = -4*v. Suppose -3*b - 45 = -3*f, q*f = -f - b + 53. What is the units digit of f?
7
Let p(x) = -13109*x**3 - 256*x**2 - 256*x + 1. What is the units digit of p(-1)?
0
Let b = -5042 - -5274. What is the tens digit of b?
3
Let v = -545 - -255. Suppose -c = -4*c + 5*a - 468, 0 = 2*c + 4*a + 290. Let p = c - v. What is the units digit of p?
9
Suppose -2*o + 4*q - 7 = -3*o, 5*o + 4*q - 67 = 0. Let i(u) = 17 + 15 + 28 - 42 + 5*u. What is the tens digit of i(o)?
9
Let k be 1492/24 - -2*2/(-24). Let a = 64 - k. Suppose 3*f + a*b = b + 532, 5*f = 3*b + 882. What is the units digit of f?
7
Let o = 15887 - 9864. What is the thousands digit of o?
6
Suppose 2810*g - 2813*g = 3*h - 20490, 6854 = h - 5*g. What is the thousands digit of h?
6
Let n(x) be the third derivative of x**6/120 + x**5/5 + x**4/2 + 3*x**3/2 + 9*x**2. Let i = -38 + 30. What is the tens digit of n(i)?
6
Let l(z) = -4*z**2 + 28*z - 11. Let s be l(6). Suppose -2913 + 7606 = s*r. What is the tens digit of r?
6
Suppose 3*s + 5*p + 4 = 0, 0*s - s - p = 0. Let w be (266/(-28))/(1/s). Let k = 93 + w. What is the units digit of k?
4
Let v = 42451 - -25596. What is the hundreds digit of v?
0
Let q(v) = -1220*v - 23. Let x be q(-7). Suppose -3*y + 20*y = x. What is the units digit of y?
1
Suppose -677212 - 292622 - 269638 = -118*v. What is the ten thousands digit of v?
1
Suppose 10*z + 718 = -422. Let k = 160 + z. Suppose -1 = -b + k. What is the tens digit of b?
4
Suppose -36519*h = -36513*h - 165066. What is the tens digit of h?
1
What is the units digit of -6 + (-245)/(-42) + (-7)/((-210)/308915)?
7
Suppose 6526 = 2*q + 2*k - 0*k, -5*k = -5. Suppose 0*n + n = 6. Suppose 0 = 8*p + n*p - q. What is the tens digit of p?
3
Let w(d) = -218*d + 1743. What is the hundreds digit of w(-66)?
1
Let o = -149 - -143. What is the units digit of 1221*o*1/(-18)?
7
Let d = -23090 + 48205. What is the ten thousands digit of d?
2
Let m(r) = 33*r + 1850. What is the units digit of m(-11)?
7
Suppose b + 242 = o - b, -2*b = 4. Suppose -5*d - 357 = a, -4*d - 4*a - 54 - o = 0. Let r = 110 + d. What is the tens digit of r?
3
Let w = 93 - 83. Let a = 42 + -2. Let p = w + a. What is the units digit of p?
0
Suppose -11*u + 30*u = 174686. What is the units digit of u?
4
Let t(b) = -15*b**2 + 11*b - 6. Let d(i) = -44*i**2 + 34*i - 18. Let u(o) = -5*d(o) + 14*t(o). Suppose 17*s + 6 - 108 = 0. What is the units digit of u(s)?
0
Suppose 0 = 170*c - 174*c + 27464 + 25020. What is the units digit of c?
1
Let a = -35440 + 55084. What is the thousands digit of a?
9
Let g(v) = -3*v**3 + v**2 + 14*v + 4. Let d be (-27)/(-3)*1/((-9)/3). What is the units digit of g(d)?
2
Let j(a) = 22*a**2 - 3*a - 7. Let k be j(0). Let c(h) be the third derivative of -11*h**4/12 - 19*h**3/6 + 2*h**2. What is the tens digit of c(k)?
3
Let z be (0/(0/1 - -3))/(-2). What is the tens digit of 7 + (-1808)/(-4) + 4 + z?
6
Suppose 0 = 101*z - 106*z - 10. What is the hundreds digit of (3/3 - z)*(-270)/(-3)?
2
Let d(p) = -p**3 - 26*p**2 - 49*p + 34. Suppose 0 = 5*z + 24 - 4, -4*m - z = 104. What is the units digit of d(m)?
4
Let m(q) = 6*q**3 - 82*q + 2297. What is the thousands digit of m(19)?
1
Let b = 280 - 432. What is the hundreds digit of 40/(-48)*2*(b - -2)?
2
Let b(m) = m**3 + 16*m**2 + 27*m - 12. Let h be b(-14). Suppose h*c - 733 = -3*c - 4*z, -143 = -c + z. What is the tens digit of c?
4
Suppose -13*g = 29*g - 61*g + 497971. What is the units digit of g?
9
Let n(z) = 22 + 22*z + 2*z**2 + 23 - 22 + 16 + 10. What is the tens digit of n(-21)?
6
Let x = -63 + 71. Suppose 104 = 6*c - x*c. Let h = 13